f 646 and r?
34
Let r = 121 - 44. Suppose -4*t + 8*t + 16 = 2*m, -5*m + 16 = -2*t. Suppose 0 = -2*f + 24 - m. What is the greatest common factor of r and f?
11
Suppose 25*j = 1721 - 146. What is the highest common factor of j and 756?
63
Let q be (0 + 1)/(-3)*-42. Let j be (1 - 3) + 6/3. Suppose j = 3*b - 4*b + 70. What is the highest common factor of b and q?
14
Let k(v) = -13*v + 2. Let q(y) = 6*y**2 + y - 1. Let g be q(-1). Suppose g*n - 6 = -14. Let c be k(n). What is the greatest common divisor of c and 42?
14
Let z(v) = v**2 - 54*v + 10. Let t be z(-10). What is the highest common divisor of 26 and t?
26
Let p(i) = -11*i - 25. Let y be p(-5). Let w = -22 + y. Let b be (12/(-1))/(6/(-28)). What is the greatest common factor of w and b?
8
Let b(p) be the second derivative of -5*p**3/6 + 11*p**2 + 19*p. Let d be b(4). What is the highest common factor of 2 and d?
2
Suppose 9*o = 4*o + 30. Let b = -455 - -458. What is the greatest common factor of o and b?
3
Let l be ((-2)/((-6)/9))/(0 + 1). Let q(c) = c**2 - c - 2. Let w be q(3). Suppose 14 = l*j + w*j. What is the highest common factor of j and 16?
2
Suppose -8*t - 2006 = -2806. Calculate the greatest common factor of t and 550.
50
Let q(f) = f**3 + 8*f**2 + 5*f - 6. Let z be q(-7). Let l(j) = 123*j**2 - 28*j - 23. Let r be l(-1). Calculate the highest common divisor of z and r.
8
Let q be (-1230)/(-75) + 4/(-10) - 5. What is the highest common divisor of q and 253?
11
Let l = -497 - -518. Calculate the highest common divisor of l and 49.
7
Let n be 25/5*(0 - -1). Suppose 0 = n*g - 23 - 27. Let q be 2*6*60/9. What is the greatest common divisor of q and g?
10
Let p = -2445 - -2544. What is the greatest common divisor of p and 3762?
99
Let t(d) = d**3 - 5*d**2 - 2*d + 1. Let m be t(6). Suppose -2*z = s - 66, -s + z + 26 = -m. Calculate the highest common divisor of 14 and s.
14
Let s(a) = a**3 + 5*a**2 + 2*a + 1. Suppose 2*w - 4 = -10. Let o be s(w). Suppose 3*t - 52 = 2*t. What is the highest common factor of o and t?
13
Let h(p) = -3*p - 5. Let x be h(-3). Suppose 0 = x*g - 6*g + 6. Calculate the greatest common factor of 21 and g.
3
Let y(s) = -s**3 + 6*s**2 - 4*s - 3. Let g = -5 - -10. Let l be y(g). Let k be (-11)/(-13) - 16/(-104). What is the highest common factor of l and k?
1
Suppose 0 = 3*f - 15, 4*w - 2*w = -f - 33. Let y = 24 + w. Suppose z - y - 6 = 0. Calculate the highest common factor of 44 and z.
11
Let k be (3 - -1 - 3) + 3. Let o be (1 + 1)*6/k. Suppose 5*j + 2*v + o = 0, 3*j + 3*v + 8 = -j. Calculate the greatest common divisor of 4 and j.
1
Let i be (6 + (-99)/18)/((-1)/(-18)). Calculate the greatest common divisor of i and 39.
3
Let c = 616 + -439. Let k = -93 + c. What is the highest common factor of k and 21?
21
Suppose 530 = 5*y + 5*g, 0*g - 302 = -3*y + 5*g. Let d(a) = 9*a - 5. Let b be d(2). What is the greatest common divisor of y and b?
13
Suppose 0*r - 3*r = -63. Let x = -3279 - -3510. What is the highest common factor of x and r?
21
Let z = -18 - -16. Let y be z + (180/(-3))/(-5). What is the greatest common divisor of 1 and y?
1
Let q be (-7)/(14/8)*-2. Suppose -q*g + 10*g + 32 = 0. Let w = g + 24. What is the highest common factor of w and 8?
8
Let g be 18/((-216)/294)*7*-2. Calculate the greatest common divisor of g and 196.
49
Let o = 85 + -48. Suppose -o = -s - 5. Let c = s + -28. What is the highest common factor of c and 4?
4
Suppose 2*i + i = -12. Let p be 40/(2 + 2) - i. Calculate the highest common divisor of 56 and p.
14
Let c be -1 + 45 + -2 + 0. Let b = c + -26. Calculate the highest common divisor of 24 and b.
8
Suppose 7*j - 6 = 8. Suppose -d = 2*o - 100, d + j*d + 3*o = 312. What is the greatest common divisor of 27 and d?
27
Let l = 1 - -18. Let d = -1175 - -311. Let s be d/(-15) + -1 - 8/(-20). What is the highest common factor of s and l?
19
Suppose 0 = -x + 3*x + 2*u - 390, 2*x - 398 = 2*u. Suppose 0 = 5*k + x + 78. Let h be (k + 7)*(0 - 1). What is the highest common factor of h and 32?
16
Let c be (-99)/(-1)*(6/2 + 2). Suppose 0 = 4*y - c + 55. What is the greatest common factor of y and 22?
22
Suppose -3*j - j = 16. Let t be 129/(-9) - j/12. Let u be 26/4 - (-7)/t. What is the greatest common factor of 66 and u?
6
Suppose -3 = -z, -16*r + 18 = -15*r - 4*z. What is the highest common factor of 135 and r?
15
Let i(h) = 2*h + 58. Let s be i(-20). Suppose l - 2*l = -6. Calculate the highest common divisor of s and l.
6
Let j(m) = 7*m**2 + 6*m + 2. Let r be j(5). What is the highest common divisor of 23 and r?
23
Let x(a) = 9*a**2 - 7 + 4*a + a**3 + 7*a**2 - 3*a**2 - 6*a. Let h be x(-13). Calculate the greatest common factor of h and 209.
19
Suppose 11*d = 12*d - 5. Let q(r) = 5*r + 19. Let h be q(d). Suppose 3 - 25 = -2*f. What is the greatest common divisor of f and h?
11
Suppose 4*s - 21 + 3 = -2*p, -3*s = p - 15. What is the highest common divisor of 18 and s?
6
Suppose 0 = 3*i - 8*i + 5. Let m(d) = -3*d + i + 5*d - 4*d + 3*d - 220*d**3. Let w be m(-1). What is the greatest common factor of w and 20?
20
Let l(a) = 5*a + 1. Let k be l(-3). Let g = 16 + -9. Let o be ((-12)/1)/(k/g). Calculate the greatest common factor of 24 and o.
6
Let l = -394 - -454. What is the highest common divisor of l and 510?
30
Let h(o) = -o**3 - 2*o**2 - 2. Let q be h(-4). Let d = q - 20. Let m be -3 + 8 - (-4)/(-2) - -87. Calculate the highest common factor of m and d.
10
Suppose 0 = -5*x - 6*v + 2*v + 29, 3*v = -x - 3. Let k = -189 - -225. What is the greatest common divisor of x and k?
9
Let j(q) = -5*q**2 + 5*q + 3. Let h be j(-2). Let a be (-3 - h)*2/4. What is the highest common factor of a and 3?
3
Suppose g = -5*b + 4*b + 53, 4*b - 3*g = 233. Let f = 3303 + -3289. What is the greatest common factor of f and b?
14
Let f(j) = -j. Let y be f(-3). Let x be 18*(26/(-6) + y). Let c = 40 + x. Calculate the greatest common divisor of 40 and c.
8
Let b be -4 - (0 + (2 - 6)). Suppose -2*a + 31 - 23 = b. Suppose 2*m - n - a*n = 185, 3*n - 65 = -m. Calculate the highest common factor of 32 and m.
16
Suppose -5*b - 29 + 104 = 0. What is the highest common factor of 30 and b?
15
Suppose -7*r - r = -24. Suppose r*i + 7 - 5 = 2*m, -5*m - 5*i + 30 = 0. Calculate the highest common factor of m and 32.
4
Let t(h) be the first derivative of h**4/4 + 7*h**3/3 - 4*h + 11. Let u be t(-6). Calculate the greatest common factor of 16 and u.
16
Let x = 38 + -31. Let d(n) = n**2 + 3*n - 12. Let s be d(6). Calculate the highest common divisor of x and s.
7
Let i = 233 + -113. What is the highest common factor of i and 160?
40
Let v(q) be the third derivative of q**6/120 + q**5/6 + 7*q**4/24 + 5*q**3/3 - 10*q**2. Let c be v(-9). Calculate the highest common factor of c and 84.
28
Let h(w) = -w + 13. Let j(l) = l - 12. Let z(y) = -5*h(y) - 6*j(y). Let o be z(-19). Calculate the greatest common divisor of o and 39.
13
Let u = -13 - -23. Suppose -h - 3*t + 35 - 11 = 0, 5*h = t + 72. Calculate the highest common divisor of u and h.
5
Let b(p) = -31*p**3 - 2*p**2 + 1. Let y be b(-1). Let d = -80 - -74. Let n be -3 - 6*15/d. Calculate the greatest common factor of y and n.
6
Suppose -y + 129 = -4*u, 5*u - 6*u - 3 = 0. Calculate the highest common divisor of 273 and y.
39
Let m(p) = 2*p - 1021 + 1019 - p**2 + 4*p. Let s be m(4). Suppose -l + 3*l - 24 = 0. Calculate the highest common divisor of l and s.
6
Let i(f) = f**3 - 3*f**2 - 8*f + 8. Let h be i(5). Let r = 22 + -10. What is the greatest common factor of h and r?
6
Let s(t) = -3*t - 16. Let a be s(-7). Suppose -a*i = 459 + 41. Let h be i/(-12) + 4/6. What is the greatest common divisor of h and 81?
9
Suppose -224 = -33*j + 7036. What is the greatest common factor of j and 260?
20
Suppose 0 = -10*o + 585 + 185. Calculate the highest common factor of o and 7.
7
Let r(d) = d**2 - d - 1. Let a be r(2). Suppose 3 + a = n, -491 = -3*s + 4*n. Let v = -88 + s. What is the highest common factor of 9 and v?
9
Let n = 5249 - 5219. Let w = -4 + 6. Let u be (-10)/3*(-5 + w). Calculate the highest common divisor of u and n.
10
Suppose 18 + 10 = 4*x. Let q be (x + (-132)/18)/(1/(-6)). What is the greatest common divisor of 5 and q?
1
Let j be ((-2)/(-5))/((-2)/10). Let f(h) = 12 - 31 - 2*h**2 + 17 - 2*h - h**3. Let o be f(j). Calculate the high